b (base 12) in base 10?
-179
Convert -105035 (base 6) to base 14.
-3343
What is 1571 (base 15) in base 4?
1013332
Convert 56631 (base 8) to base 5.
1231321
Convert 200011 (base 3) to base 13.
2b9
What is -29a8 (base 11) in base 13?
-19b8
2a6a (base 13) to base 9
8417
Convert 2656 (base 7) to base 5.
13041
What is 3496 (base 10) in base 2?
110110101000
-1241 (base 5) to base 13
-121
-22011 (base 3) to base 12
-164
What is 1001100010100011 (base 2) in base 10?
39075
What is -172a2 (base 13) in base 6?
-541334
What is -30646 (base 7) in base 8?
-16553
Convert -42035 (base 7) to base 5.
-312231
Convert -13804 (base 12) to base 4.
-12213010
What is -557 (base 12) in base 15?
-377
Convert 26364 (base 7) to base 14.
27db
What is 126a1 (base 11) in base 2?
100011011011100
What is 1011122 (base 3) in base 6?
3542
Convert -880 (base 11) to base 12.
-740
Convert 31066 (base 7) to base 6.
55054
What is -14d3 (base 14) in base 2?
-111010000001
What is -10101011 (base 2) in base 9?
-210
-31103 (base 5) to base 3
-2210010
-122 (base 10) to base 12
-a2
What is 1000 (base 2) in base 10?
8
-10000011100 (base 3) to base 6
-1133530
Convert 2131 (base 7) to base 14.
3c1
What is -16676 (base 9) in base 7?
-45333
What is -636 (base 9) in base 3?
-201020
378 (base 16) to base 6
4040
What is 10917 (base 11) in base 9?
23537
12d (base 16) to base 6
1221
What is -286 (base 13) in base 8?
-700
-9134 (base 15) to base 4
-13132321
-e130 (base 15) to base 5
-3010040
Convert 232 (base 14) to base 6.
2004
-120 (base 4) to base 6
-40
Convert 1010201201 (base 3) to base 12.
10b6a
-101011011 (base 2) to base 11
-296
163243 (base 7) to base 6
405511
What is -1211 (base 15) in base 3?
-12021021
What is -20548 (base 9) in base 3?
-200121122
Convert -6854 (base 9) to base 7.
-20533
-100110010100 (base 2) to base 3
-10100211
What is -1001100100101101 (base 2) in base 10?
-39213
Convert -1035 (base 8) to base 2.
-1000011101
What is 1410 (base 5) in base 13?
149
Convert 1172 (base 12) to base 15.
8a8
Convert 1020002 (base 3) to base 2.
1101111101
Convert -8740 (base 9) to base 4.
-1210203
Convert 23d (base 14) to base 5.
3242
Convert -2202211212 (base 3) to base 4.
-31110203
-22745 (base 8) to base 7
-40166
Convert -2007 (base 9) to base 3.
-2000021
What is 59b8 (base 13) in base 6?
134333
Convert 20337 (base 10) to base 15.
605c
-103344 (base 6) to base 2
-10000101110000
What is -2554 (base 8) in base 15?
-628
Convert -23632 (base 9) to base 11.
-10986
-649 (base 10) to base 12
-461
What is 221434 (base 5) in base 4?
1321000
334 (base 10) to base 9
411
Convert -2270 (base 14) to base 4.
-1131122
Convert 2500 (base 10) to base 12.
1544
Convert -59bc (base 16) to base 4.
-11212330
Convert 340 (base 6) to base 10.
132
cd (base 15) to base 14
db
-dc (base 15) to base 9
-250
Convert 3c05 (base 15) to base 2.
11001000011110
What is -3302331 (base 4) in base 3?
-210022220
What is -2003 (base 5) in base 12?
-191
Convert 364 (base 14) to base 3.
221001
1001432 (base 5) to base 13
72b7
Convert 12000000 (base 3) to base 9.
5000
d6 (base 16) to base 10
214
53058 (base 9) to base 11
2436a
What is -1c9 (base 16) in base 5?
-3312
Convert 121110 (base 3) to base 14.
23a
Convert -5390 (base 10) to base 13.
-25b8
Convert -318 (base 10) to base 2.
-100111110
-164 (base 12) to base 15
-ea
1454 (base 7) to base 4
21002
Convert 5517 (base 9) to base 14.
16a6
1260 (base 7) to base 16
1e3
Convert -1023 (base 13) to base 14.
-b50
What is 1165 (base 11) in base 5?
22043
Convert -11752 (base 8) to base 13.
-2422
What is -280 (base 11) in base 6?
-1310
Convert -b08 (base 13) to base 14.
-975
2425 (base 7) to base 6
4101
What is -3e52 (base 15) in base 12?
-7888
What is -1000111110011 (base 2) in base 11?
-34a8
What is -5676 (base 9) in base 2?
-1000001101000
-10a34 (base 12) to base 10
-22216
Convert 670 (base 8) to base 6.
2012
What is -18420 (base 9) in base 4?
-3012333
What is -13331 (base 10) in base 4?
-3100103
Convert 449 (base 16) to base 4.
101021
Convert 43 (base 15) to base 11.
58
Convert -472 (base 13) to base 3.
-1001111
Convert -1101110000 (base 2) to base 6.
-4024
What is -164 (base 12) in base 11?
-190
10101010010 (base 2) to base 6
10150
What is -2033 (base 4) in base 2?
-10001111
What is 12023 (base 6) in base 5?
23433
What is 1333244 (base 5) in base 6?
330300
What is 787 (base 15) in base 16?
6a6
What is -bb70 (base 14) in base 2?
-111111010110110
Convert 2112 (base 8) to base 15.
4d3
What is -420 (base 10) in base 14?
-220
-11000121 (base 3) to base 15
-d07
13532 (base 7) to base 16
e72
What is 227 (base 14) in base 6?
1551
Convert 65 (base 12) to base 9.
85
Convert -15758 (base 9) to base 4.
-2221022
Convert 1500 (base 7) to base 10.
588
228 (base 15) to base 10
488
-661 (base 14) to base 6
-5501
Convert 23673 (base 10) to base 15.
7033
-25 (base 16) to base 10
-37
What is -10132 (base 4) in base 12?
-1ba
What is -22101 (base 4) in base 15?
-2dc
What is a62 (base 11) in base 2?
10011111110
Convert -210 (base 8) to base 4.
-2020
What is 1010101100 (base 2) in base 15?
309
Convert 11250 (base 6) to base 7.
4464
-1a05 (base 13) to base 15
-1247
What is 81a4 (base 14) in base 2?
101011100010100
-709 (base 10) to base 8
-1305
What is 5151 (base 6) in base 3?
1120111
What is 2a4 (base 15) in base 13?
376
-251055 (base 7) to base 16
-b3b2
8db8 (base 14) to base 15
7492
Convert -281 (base 11) to base 16.
-14b
What is -1574 (base 14) in base 13?
-1984
Convert 8305 (base 12) to base 15.
435b
-10100011111100000 (base 2) to base 8
-243740
-136451 (base 7) to base 4
-12122330
What is -100010111 (base 2) in base 16?
-117
Convert -384 (base 14) to base 6.
-3132
What is -1111010211 (base 3) in base 10?
-29263
79d (base 15) to base 14
8b1
b130 (base 13) to base 2
101111100110111
What is 110011011010111 (base 2) in base 6?
321515
6278 (base 12) to base 7
43223
What is -2166 (base 8) in base 10?
-1142
4321 (base 6) to base 4
33121
Convert -10001001 (base 2) to base 12.
-b5
111213 (base 4) to base 2
10101100111
What is 4b3a (base 12) in base 9?
12641
What is 2312130 (base 5) in base 12?
20058
-312322 (base 4) to base 3
-11211011
What is -16883 (base 11) in base 5?
-1224221
-1110221 (base 3) to base 6
-4554
Convert -50 (base 10) to base 9.
-55
What is 10204 (base 6) in base 15?
617
Convert 496b (base 14) to base 11.
9709
What is -127a0 (base 16) in base 5?
-4410210
-1d59 (base 16) to base 10
-7513
Convert 1a5 (base 13) to base 11.
257
Convert 2115 (base 10) to base 13.
c69
-4325 (base 9) to base 10
-3182
What is 584 (base 11) in base 4?
22321
-3a96 (base 13) to base 14
-30c4
-35206 (base 10) to base 6
-430554
What is 431 (base 13) in base 15?
32b
-1101221110 (base 3) to base 10
-27660
-1001031 (base 4) to base 13
-1b90
-21a0 (base 15) to base 14
-284d
Convert -12332 (base 4) to base 11.
-376
What is 212 (base 14) in base 3?
120010
What is -4112 (base 7) in base 6?
-10342
Convert 4672 (base 15) to base 8.
35155
Convert -11302 (base 4) to base 2.
-101110010
What is 112233 (base 5) in base 6?
30500
What is -4524 (base 6) in base 3?
-1110021
What is 1222120 (base 5) in base 10?
23410
Convert 343 (base 6) to base 8.
207
2332322 (base 4) to base 2
10111110111010
23079 (base 10) to base 6
254503
What is 643 (base 16) in base 3?
2012101
Convert -7272 (base 13) to base 6.
-201110
492 (base 14) to base 2
1110010000
What is -8c4d (base 14) in base 7?
-131026
What is 102441 (base 7) in base 8?
42466
Convert -1643c (base 15) to base 4.
-101202120
What is -1001112021 (base 3) in base 14?
-7817
What is -64a1 (base 13) in base 16?
-36a5
Convert 3203440 (base 5) to base 8.
150564
Convert -101441 (base 5) to base 12.
-1b4b
Convert 265b (base 13) to base 16.
156c
What is -2b (base 12) in base 11?
-32
ac1 (base 13) to base 10
1847
1909 (base 10) to base 12
1131
Convert -3382 (base 9) to base 11.
-1977
Convert 161a4 (base 14) to base 13.
1c199
-177a7 (base 11) to base 8
-60532
-25377 (base 10) to base 5
-1303002
Convert 4013 (base 5) to base 11.
422
What is -11010000 (base 2) in base 15?
-dd
Convert -12222 (base 3) to base 14.
-b7
Convert 659 (base 16) to base 5.
23000
102202002 (base 3) to base 10
8561
Convert e72 (base 16) to base 7.
13532
What is 62 (base 12) in base 3?
2202
-6012 (base 10) to base 11
-4576
What is 1000211 (